{"id":29,"date":"2023-10-02T01:53:07","date_gmt":"2023-10-02T01:53:07","guid":{"rendered":"https:\/\/themeholy.com\/wordpress\/poolax\/?page_id=29"},"modified":"2024-04-26T11:29:01","modified_gmt":"2024-04-26T08:29:01","slug":"iletisim","status":"publish","type":"page","link":"https:\/\/wecleancyprus.com\/index.php\/iletisim\/","title":{"rendered":"Contact Us"},"content":{"rendered":"\t\t<div data-elementor-type=\"wp-page\" data-elementor-id=\"29\" class=\"elementor elementor-29\">\n\t\t\t\t<div class=\"elementor-element elementor-element-32134c4 e-flex e-con-boxed e-con e-parent\" data-id=\"32134c4\" data-element_type=\"container\" data-settings=\"{&quot;background_background&quot;:&quot;classic&quot;}\">\n\t\t\t\t\t<div class=\"e-con-inner\">\n\t\t<div class=\"elementor-element elementor-element-e44a193 e-con-full wow fadeInUp e-flex e-con e-child\" data-id=\"e44a193\" data-element_type=\"container\">\n\t\t\r\n\t\t<div class=\"elementor-element elementor-element-c6c9286 elementor-widget elementor-widget-poolaxsectiontitle\" data-id=\"c6c9286\" data-element_type=\"widget\" data-widget_type=\"poolaxsectiontitle.default\">\n\t\t\t\t<div class=\"elementor-widget-container\">\n\t\t\t\t\t\t\t<div class=\"title-area  \">\r\n\t\t\t\t\t\t<h2 class=\"sec-title\">Contact information<\/h2><p class=\"mb-0\">We aim to offer you clean and healthy living spaces with comprehensive cleaning services for all needs, from home to office, from industrial areas to commercial spaces.<\/p>\t\t<\/div>\r\n\r\n\t\t\t\t\t<\/div>\n\t\t\t\t<\/div>\n\t\t\t\t<div class=\"elementor-element elementor-element-a458df4 elementor-widget elementor-widget-poolaxcontactinfo\" data-id=\"a458df4\" data-element_type=\"widget\" data-widget_type=\"poolaxcontactinfo.default\">\n\t\t\t\t<div class=\"elementor-widget-container\">\n\t\t\t\t\t<div class=\"contact-info-wrap\"><div class=\"contact-info\"><div class=\"contact-info_icon\"><i class=\"fa-light fa-location-dot\"><\/i><\/div><div class=\"media-body\"><h3 class=\"box-title label\">Our location<\/h3><span class=\"contact-info_text th-info\">Er-sel Sitesi No:1 \u0130skele \/ Bo\u011faz\n<br>--------\nCengizhan yolu 55a Pertev Pa\u015fa Mah. Mara\u015f \/ Famagusta\n<\/span><\/div><\/div><div class=\"contact-info\"><div class=\"contact-info_icon\"><i class=\"fa-light fa-phone\"><\/i><\/div><div class=\"media-body\"><h3 class=\"box-title label\">Our Phone Number<\/h3><span class=\"contact-info_text\"><a href=\"tel:+905428565194\" class=\"text-inherit th-info\">+(90) 542 856 51 94<\/a><a href=\"tel:+905428545194\" class=\"text-inherit th-info\"> +(90) 542 854 51 94<\/a><\/span><\/div><\/div><div class=\"contact-info\"><div class=\"contact-info_icon\"><i class=\"fa-light fa-envelope\"><\/i><\/div><div class=\"media-body\"><h3 class=\"box-title label\">Our Email Address<\/h3><span class=\"contact-info_text\"><a href=\"mailto:info@wecleancyprus.com\" class=\"th-info\">info@wecleancyprus.com<\/a><a href=\"mailto:\" class=\"th-info\"><\/a><\/span><\/div><\/div><div class=\"contact-info\"><div class=\"contact-info_icon\"><i class=\"fa-light fa-clock\"><\/i><\/div><div class=\"media-body\"><h3 class=\"box-title label\">Our Working Hours<\/h3><span class=\"contact-info_text th-info\">Mon-Str: 8am-8pm <br>Sun: Closed<\/span><\/div><\/div><\/div>\t\t\t\t<\/div>\n\t\t\t\t<\/div>\n\t\t\t\t<div class=\"elementor-element elementor-element-cb375ac elementor-widget elementor-widget-poolaxsocial\" data-id=\"cb375ac\" data-element_type=\"widget\" data-widget_type=\"poolaxsocial.default\">\n\t\t\t\t<div class=\"elementor-widget-container\">\n\t\t\t\t\t<h5 class=\"mt-35 th-title\">Our Social Media Accounts<\/h5><div class=\"th-social  footer-social style2\"><a  rel=\"nofollow\" href=\"https:\/\/www.facebook.com\"><i aria-hidden=\"true\" class=\"fab fa-facebook-f\"><\/i><\/a> <a  rel=\"nofollow\" href=\"https:\/\/www.instagram.com\"><i aria-hidden=\"true\" class=\"fab fa-instagram\"><\/i><\/a> <\/div>\t\t\t\t<\/div>\n\t\t\t\t<\/div>\n\t\t\t\t<\/div>\n\t\t<div class=\"elementor-element elementor-element-6c6eaad e-con-full e-flex e-con e-child\" data-id=\"6c6eaad\" data-element_type=\"container\">\n\t\t\t\t<div class=\"elementor-element elementor-element-de0104b elementor-widget elementor-widget-poolaxcontactform\" data-id=\"de0104b\" data-element_type=\"widget\" data-widget_type=\"poolaxcontactform.default\">\n\t\t\t\t<div class=\"elementor-widget-container\">\n\t\t\t\t\t<div class=\"contact-form-wrapper\"><div class=\"contact-form ajax-contact\"><h3 class=\"form-title text-center th-title\">Contact Form<\/h3>\n<div class=\"wpcf7 no-js\" id=\"wpcf7-f14-o1\" lang=\"tr-TR\" dir=\"ltr\">\n<div class=\"screen-reader-response\"><p role=\"status\" aria-live=\"polite\" aria-atomic=\"true\"><\/p> <ul><\/ul><\/div>\n<form action=\"\/index.php\/wp-json\/wp\/v2\/pages\/29#wpcf7-f14-o1\" method=\"post\" class=\"wpcf7-form init\" aria-label=\"\u0130leti\u015fim Formu\" novalidate=\"novalidate\" data-status=\"init\">\n<div style=\"display: none;\">\n<input type=\"hidden\" name=\"_wpcf7\" value=\"14\" \/>\n<input type=\"hidden\" name=\"_wpcf7_version\" value=\"5.9.6\" \/>\n<input type=\"hidden\" name=\"_wpcf7_locale\" value=\"tr_TR\" \/>\n<input type=\"hidden\" name=\"_wpcf7_unit_tag\" value=\"wpcf7-f14-o1\" \/>\n<input type=\"hidden\" name=\"_wpcf7_container_post\" value=\"0\" \/>\n<input type=\"hidden\" name=\"_wpcf7_posted_data_hash\" value=\"\" \/>\n<\/div>\n<label> Ad\u0131n\u0131z\n    <span class=\"wpcf7-form-control-wrap\" data-name=\"your-name\"><input size=\"40\" maxlength=\"80\" class=\"wpcf7-form-control wpcf7-text wpcf7-validates-as-required\" autocomplete=\"name\" aria-required=\"true\" aria-invalid=\"false\" value=\"\" type=\"text\" name=\"your-name\" \/><\/span> <\/label>\n\n<label> E-posta adresiniz\n    <span class=\"wpcf7-form-control-wrap\" data-name=\"your-email\"><input size=\"40\" maxlength=\"80\" class=\"wpcf7-form-control wpcf7-email wpcf7-validates-as-required wpcf7-text wpcf7-validates-as-email\" autocomplete=\"email\" aria-required=\"true\" aria-invalid=\"false\" value=\"\" type=\"email\" name=\"your-email\" \/><\/span> <\/label>\n\n<label> Konu\n    <span class=\"wpcf7-form-control-wrap\" data-name=\"your-subject\"><input size=\"40\" maxlength=\"80\" class=\"wpcf7-form-control wpcf7-text wpcf7-validates-as-required\" aria-required=\"true\" aria-invalid=\"false\" value=\"\" type=\"text\" name=\"your-subject\" \/><\/span> <\/label>\n\n<label> \u0130letiniz (tercihe ba\u011fl\u0131)\n    <span class=\"wpcf7-form-control-wrap\" data-name=\"your-message\"><textarea cols=\"40\" rows=\"10\" maxlength=\"400\" class=\"wpcf7-form-control wpcf7-textarea\" aria-invalid=\"false\" name=\"your-message\"><\/textarea><\/span> <\/label>\n\n<input class=\"wpcf7-form-control wpcf7-submit has-spinner\" type=\"submit\" value=\"G\u00f6nder\" \/><div class=\"wpcf7-response-output\" aria-hidden=\"true\"><\/div>\n<\/form>\n<\/div>\n<\/div><\/div>\t\t\t\t<\/div>\n\t\t\t\t<\/div>\n\t\t\t\t<\/div>\n\t\t\t\t\t<\/div>\n\t\t\t\t<\/div>\n\t\t<div class=\"elementor-element elementor-element-3c2e06f e-con-full e-flex e-con e-parent\" data-id=\"3c2e06f\" data-element_type=\"container\">\n\t\t\t\t<div class=\"elementor-element elementor-element-cbf9c16 map-sec elementor-widget elementor-widget-google_maps\" data-id=\"cbf9c16\" data-element_type=\"widget\" data-widget_type=\"google_maps.default\">\n\t\t\t\t<div class=\"elementor-widget-container\">\n\t\t\t\t\t\t\t<div class=\"elementor-custom-embed\">\n\t\t\t<iframe loading=\"lazy\"\n\t\t\t\t\tsrc=\"https:\/\/maps.google.com\/maps?q=%C4%B0skele%20Bo%C4%9Faz%20Kuzey%20K%C4%B1br%C4%B1s&#038;t=m&#038;z=10&#038;output=embed&#038;iwloc=near\"\n\t\t\t\t\ttitle=\"\u0130skele Bo\u011faz Kuzey K\u0131br\u0131s\"\n\t\t\t\t\taria-label=\"\u0130skele Bo\u011faz Kuzey K\u0131br\u0131s\"\n\t\t\t><\/iframe>\n\t\t<\/div>\n\t\t\t\t\t\t<\/div>\n\t\t\t\t<\/div>\n\t\t\t\t<\/div>\n\t\t\t\t<\/div>\n\t\t","protected":false},"excerpt":{"rendered":"<p>Contact information We aim to offer you clean and healthy living spaces with comprehensive cleaning services for all needs, from home to office, from industrial areas to commercial spaces. Our location Er-sel Sitesi No:1 \u0130skele \/ Bo\u011faz &#8212;&#8212;&#8211; Cengizhan yolu 55a Pertev Pa\u015fa Mah. Mara\u015f \/ Famagusta Our Phone Number +(90) 542 856 51 94&#8230;<\/p>\n","protected":false},"author":1,"featured_media":0,"parent":0,"menu_order":0,"comment_status":"closed","ping_status":"closed","template":"template-builder.php","meta":{"_monsterinsights_skip_tracking":false,"_monsterinsights_sitenote_active":false,"_monsterinsights_sitenote_note":"","_monsterinsights_sitenote_category":0,"footnotes":"","_joinchat":[],"_links_to":"","_links_to_target":""},"aioseo_notices":[],"_links":{"self":[{"href":"https:\/\/wecleancyprus.com\/index.php\/wp-json\/wp\/v2\/pages\/29"}],"collection":[{"href":"https:\/\/wecleancyprus.com\/index.php\/wp-json\/wp\/v2\/pages"}],"about":[{"href":"https:\/\/wecleancyprus.com\/index.php\/wp-json\/wp\/v2\/types\/page"}],"author":[{"embeddable":true,"href":"https:\/\/wecleancyprus.com\/index.php\/wp-json\/wp\/v2\/users\/1"}],"replies":[{"embeddable":true,"href":"https:\/\/wecleancyprus.com\/index.php\/wp-json\/wp\/v2\/comments?post=29"}],"version-history":[{"count":20,"href":"https:\/\/wecleancyprus.com\/index.php\/wp-json\/wp\/v2\/pages\/29\/revisions"}],"predecessor-version":[{"id":2944,"href":"https:\/\/wecleancyprus.com\/index.php\/wp-json\/wp\/v2\/pages\/29\/revisions\/2944"}],"wp:attachment":[{"href":"https:\/\/wecleancyprus.com\/index.php\/wp-json\/wp\/v2\/media?parent=29"}],"curies":[{"name":"wp","href":"https:\/\/api.w.org\/{rel}","templated":true}]}}